se 0 = -5*p + 28 + 12. Suppose q = p*q - 1113. Is q a prime number?
False
Is (-6)/21 - (160670/(-70) - -2) a prime number?
True
Let f = -3673 - -8032. Is f prime?
False
Suppose 3*c + 1 = -2, -9 = -2*g + 5*c. Suppose 5*k = g*k + 993. Is k composite?
False
Suppose -f + 11140 = 27. Is f prime?
True
Let k(i) = 4*i**3 - 50*i**2 + 58*i + 55. Is k(28) composite?
False
Suppose -2*m - 14 = 12. Let o(g) = -13*g + 10. Is o(m) composite?
False
Let p(i) = 17*i**2 - 10*i - 9. Let g be p(-6). Suppose 6*o = 9*o - g. Is o a prime number?
False
Suppose -45 = -2*g + o, -3*g = 3*o - 30 - 33. Suppose g*w - 25*w + 2037 = 0. Is w a prime number?
False
Let d = -9 - -11. Suppose 4*q - 890 = d*q. Is q composite?
True
Suppose 5*v = 10*v - 1725. Let g be (v/(-10))/(3/4). Is g/(-2) + (2 - 2) composite?
False
Suppose -2*m - 4 = 0, 3*j - 299 = 3*m + m. Is j a composite number?
False
Suppose -5*c + i + 17 = 2*i, -4*i = -3*c + 1. Suppose -c*d + 4*d = 5*v - 65, -3*v + 39 = -3*d. Suppose 0*q + v = q. Is q prime?
True
Suppose -4*k - 53723 = -5*y, 5*k + 53720 = -5*y + 10*y. Is y a prime number?
False
Let y = -589 - -1754. Is y composite?
True
Suppose 33 = -2*x + 3*h, x + 2*h + 2*h = -22. Let v(r) = -r + 35. Is v(x) prime?
True
Let t be 79 - (1 - -11)/(-4). Let r(i) = -i**3 + i**2 - i - 8. Let g be r(0). Let p = g + t. Is p a prime number?
False
Suppose j - 6808 = -4*a + 6*j, 3*j = -12. Suppose 0 = -3*u - 2*z + a, -5*z - 1690 = -2*u - u. Is u a composite number?
True
Suppose 0*u + 26 = b + 4*u, -39 = -4*b - 3*u. Suppose b*s - 1001 = -5*s. Is s a composite number?
True
Is (-2 + 0 + 1)*5381*-1 a composite number?
False
Suppose -24*r + 60*r - 28692 = 0. Is r composite?
False
Suppose 0 = z + 5*l - 887, -3*z = 2*l - 1011 - 1624. Is z composite?
False
Suppose -2*n = n - 3558. Suppose 5*w = d - n, 1558 = 3*d - w - 1958. Is d a prime number?
True
Is (1270 + -7)*1 + 1 + -3 a composite number?
True
Suppose 1 = -4*j + 17. Suppose 4*h - 4*k = 212, 3*h + j*k - 82 = 77. Is h prime?
True
Let h(w) = 10*w**2 + 12*w + 29. Let u be 1*-6*(-10 + 11). Is h(u) prime?
True
Let x(p) = 11 - p**3 - 10*p - 12*p + 14*p**2 + 0*p**3 + 8*p. Let a be x(13). Is (a + 15/6)*526 prime?
True
Let f be (-11028)/(-14) + (-114)/42 + 3. Suppose 98 = 2*w - f. Is w composite?
False
Let o(r) = r**3 - r**2 - 9*r - 23. Suppose 2*k - 10 = -4*a, 2*a + 3*k = -a + 9. Let z = a - -8. Is o(z) prime?
True
Let g be (1 - -2)*(-3)/(-3). Suppose g*v = -0*v - 6, -2*a = -v - 766. Let q = a + -263. Is q composite?
True
Let m(j) = j**3 - 9*j**2 - 4*j + 21. Let s(x) = x**2 - 1. Let c(g) = -m(g) + s(g). Is c(9) a composite number?
True
Let c = -200 - -426. Suppose -5*s + 3*n = -1046, -3*n - c + 1290 = 5*s. Is s a prime number?
True
Let x = 1657 - 3959. Let g = 3959 + x. Is g a composite number?
False
Is ((-3508472)/(-32))/11 - 2/8 composite?
False
Let h(r) be the first derivative of r**4/4 - r**3/3 + r**2/2 + 3*r + 2. Let m(n) be the first derivative of h(n). Is m(6) a prime number?
True
Suppose 0 = 18*f - 16*f. Let a(i) be the first derivative of i**2/2 + 121*i - 1. Is a(f) a composite number?
True
Is (-4)/((-8)/(-698))*-208 + -3 a composite number?
True
Suppose -2*p = 3*m + 9, -22 = 5*m + 3*p - 2*p. Let n be (3/m)/(21/(-105)). Suppose -2*r + 190 = 4*d - 176, 0 = r + n*d - 186. Is r composite?
True
Suppose -x + 17 = -5*h + h, 13 = -3*x - 4*h. Let w be 2/x + (1 - 1). Suppose -w*q = -3*r - 26, -5 = 4*q + 3*r - 21. Is q composite?
False
Suppose 5*a - 1274 = -s - 0*s, 2*a + s - 509 = 0. Let u = a - 98. Let d = -68 + u. Is d a composite number?
False
Let y(v) = -11*v + 0*v**2 - 32*v**3 + 42*v**3 + 9*v**2 + 0*v**2 + 17. Is y(6) a prime number?
False
Suppose 0 = -0*i + 12*i - 46884. Is i a composite number?
False
Let r(h) = 2*h**2 + 9*h + 10. Let m be r(-6). Let v = 25 - m. Is 3*v/9*-158 a composite number?
True
Suppose 3*q = 5*y - 10, -2*q - 11 + 41 = 4*y. Suppose 0 = -0*v + 4*v + 2*p - 11066, -y*v + 13833 = 2*p. Is v a composite number?
False
Suppose -255 = -5*o + 5*p, 0 = -2*o - 2*p + 141 - 31. Is o a prime number?
True
Suppose -48481 = -2*z + m, 48*z = 47*z + 5*m + 24218. Is z composite?
True
Let z(f) = 2383*f**2 + 10*f - 26. Is z(3) a composite number?
True
Suppose 3*d - d = -5*q + 676, -4*d + 4*q + 1324 = 0. Suppose 11*s = 14*s - d. Let t = 67 + s. Is t prime?
False
Suppose -3*i + 3390 + 786 = 0. Is ((-10)/8)/((-12)/i) a composite number?
True
Is 0 - (4 - (9 + -7) - 7843) a composite number?
False
Suppose 0 = 21*v + 4*v - 522125. Is v a prime number?
False
Suppose -v - 3 = -2*i, -5*v + 2 + 1 = -4*i. Suppose -5*q + 7 = -5*r - 8, 0 = v*r + q + 29. Let h(k) = -k**2 - 13*k - 7. Is h(r) prime?
False
Suppose 16*u - 1025 = 21*u. Let q = u + 3840. Is q a composite number?
True
Let y(h) = -11*h + 23. Let f(x) = 5*x - 12. Let c(a) = -11*f(a) - 6*y(a). Let g be c(5). Suppose -2*j + 5*r + 44 = -14, -3*j = 2*r - g. Is j prime?
True
Suppose 5*z = -a + 6 + 2, -5*a + 4*z + 11 = 0. Suppose a*b + 5492 = 4*k, -b + 1612 = 2*k - 1134. Is k prime?
True
Let g = 579 - 339. Let c = 127 + g. Is c composite?
False
Suppose -3*s = 0, -3*t + 4*s - 8*s + 9357 = 0. Let h = 5002 - t. Is h composite?
True
Let p(l) = -3*l**3 + 2 + 7*l + 2*l**2 - 2*l - l - 2*l. Let s be p(-2). Is (141/2)/(s/40) composite?
True
Let d(m) = 43*m**3 - 2*m**2 + 6*m - 8. Let y be d(4). Suppose -2*b + 2*v + 0*v + y = 0, 0 = 3*b - v - 4110. Is b a prime number?
False
Let k = -5 + 10. Suppose k*y - 8 = y. Suppose -y*x + 48 = -398. Is x composite?
False
Let o = 31 + -36. Let v(w) = 12*w**2 - 5*w - 4. Is v(o) a prime number?
False
Let v(n) be the third derivative of -1/24*n**4 - 1/6*n**3 - 3*n**2 - 1/60*n**6 + 0 + 0*n - 1/12*n**5. Is v(-4) composite?
True
Suppose -4*y + 37 = -143. Let l = y + 82. Is l composite?
False
Let u be 23*(-3 - (-6 + 2)). Let y = 44 - u. Is (812/y)/((-4)/(-6)) a composite number?
True
Suppose 5*u + 0 = h + 19, 13 = 2*u + 5*h. Suppose 2*i - u*o = -0*o + 212, 3*i = 5*o + 319. Suppose 65 = 2*g - 3*q - i, -458 = -5*g - q. Is g a prime number?
False
Let n(s) = -s**3 - 8*s**2 + 11*s + 17. Let i be n(-13). Let q = i - 342. Is q a composite number?
True
Let s(m) = 19*m + 13. Suppose 4*f = 3*h + 33, 3*f - 4*f - 3*h - 3 = 0. Is s(f) a composite number?
False
Let m = 132 - 108. Let s = -2 + 2. Suppose m = p - 4*v - 162, 4*v - 16 = s. Is p composite?
True
Is -5349*(10/15 - 1) composite?
False
Let q(w) = -w**3 - 28*w**2 - 26*w + 31. Let d be q(-27). Suppose 2*l - 4*l + 1109 = 3*n, n - 2233 = -d*l. Is l prime?
False
Let d(k) = -k**2 - k - 21. Let z be d(-4). Is (-6)/(72/z)*68/1 a composite number?
True
Let r = 92 - 90. Suppose 4*p - 3121 = -3*t + 754, 0 = r*t - 2*p - 2560. Is t prime?
False
Let q(n) = 452*n**3 - n**2 + 2*n - 2. Suppose -7 = w - 8*w. Is q(w) a composite number?
True
Let l be (8/5)/(5 + (-138)/30). Suppose -4*c + 2*b = l*b - 7286, -5*b + 3663 = 2*c. Is c prime?
False
Let i(p) = -5*p**3 - 115*p**2 - 43*p - 27. Is i(-28) composite?
True
Suppose -4*t + 16 = -0*i + i, -2 = -2*t + i. Let b = 392 + -390. Suppose -417 = -2*v - t*c + b*c, 3*v - 628 = -c. Is v a composite number?
False
Suppose 21*m - 19*m - 5878 = 0. Is m a composite number?
False
Suppose -4*g = -6*g - 1260. Let c = g - -2071. Is c composite?
True
Suppose 43*l = 1433632 + 764055. Is l composite?
False
Suppose 0 = 18*t - 5*t - 12779. Is t a prime number?
True
Let m(i) be the first derivative of 129*i**2/2 - 4*i + 18. Is m(5) composite?
False
Let u(b) = -8*b + 2. Let m be (-10)/(-4)*8/10. Let n be (-14)/3 + m/3. Is u(n) prime?
False
Let z = 4238 - 2683. Is z a prime number?
False
Let n(v) = 1826*v - 113. Is n(6) composite?
True
Let k(h) = -12 - 25 - 30*h + 22 - 26. Is k(-7) a composite number?
True
Let z be (-4 + 2)/(-2) + 1. Suppose -z*u + 10 + 258 = 0. Is u composite?
True
Suppose 8826 = 3*y - 9*y. Let q = y - -3386. Is q a composite number?
True
Suppose 0 = -2*o + 2*z + 8, o = -6*z + 3*z. Suppose -o*m + 141 + 24 = 0. Is m composite?
True
Is ((-1)/1)/2*(-90 - 10576) prime?
True
Let y be ((-124)/8)/((-1)/40). Let k = y + -247. Is k prime?
True
Let w be 36*(-4)/((-32)/(-604)). Let z = w + 4218. Suppose -4*f - 4*d + 4212 = 0, 2*f + 5*d - 600 - z = 0. Is f prime?
False
Suppose u = -0*u + 5*z - 66, -2*u = z + 110. Is u/10 + 6 + 813/5 a prime number?
True
Is (-3 - 42/(-18))/((-2)/12531) a composite number?
False
Suppose -j -